
Let u(n) = n**2 - n - 14. Give u(-4).
6
Let g(r) = 2*r**2 - 3*r - 17. Give g(6).
37
Let k(g) = 5*g - 13. Give k(5).
12
Let m(t) = -t**2 - t + 1. Give m(3).
-11
Let l(o) = o**3 + 3*o**2 - 6*o - 3. Give l(-4).
5
Let f(x) = x**2 - 7*x - 21. Determine f(9).
-3
Let p(z) = -z + 13. Calculate p(14).
-1
Let k(x) = -x + 36. Give k(0).
36
Let g(s) = 4*s**2 + 49*s - 2. What is g(-12)?
-14
Let y(g) = -g**3 + 9*g**2 - 17*g - 9. What is y(6)?
-3
Let i(n) = 2*n - 11. Calculate i(-6).
-23
Let g(t) = -3*t - 5. Give g(-7).
16
Let q(d) = -8*d + 90. What is q(11)?
2
Let c(l) = 2*l**3 + 6*l**2 - 5*l - 21. Calculate c(-4).
-33
Let x(s) = -5*s + 4. Determine x(-1).
9
Let n(x) = -x**3 - 3*x**2 + 3*x - 10. What is n(-4)?
-6
Let m(q) = -46*q**3 - 2*q**2 - 2*q - 1. What is m(-1)?
45
Let r(s) = 19*s - 100. What is r(5)?
-5
Let h(v) = -5*v**2 + 3*v - 9. Give h(-3).
-63
Let k(s) = -s**2 - 22*s - 20. What is k(-20)?
20
Let g(z) = -7*z + 2. Give g(4).
-26
Let j(t) = -t**3 + 9*t**2 + t + 32. Give j(8).
104
Let s(g) = -g**3 + 12*g**2 + 14*g + 11. Give s(13).
24
Let h(a) = a**2 - 16*a - 1. Determine h(15).
-16
Let j(b) = -9*b + 3. What is j(3)?
-24
Let u(q) = q**2 + q - 23. Give u(0).
-23
Let p(w) = -8*w - 165. Give p(-20).
-5
Let w(x) = -10*x. Give w(-8).
80
Let a(m) = -2*m**2 + 29*m + 10. Give a(16).
-38
Let s(b) = b**3 - 9*b**2 + 11*b - 11. Calculate s(8).
13
Let k(w) = 2*w + 22. Calculate k(-12).
-2
Let k(h) = -2*h + 1. What is k(8)?
-15
Let l(u) = -u**3 - 11*u**2 - 24*u + 10. Calculate l(-8).
10
Let z(r) = 30*r + 417. Determine z(-14).
-3
Let h(b) = 10*b**3 + 12*b - 13. Calculate h(1).
9
Let c(l) = -3*l**2 + 24*l - 19. Calculate c(8).
-19
Let x(t) = -18*t**3 - t**2 + 2*t + 2. What is x(-1)?
17
Let r(f) = -6*f + 4. Determine r(-1).
10
Let n(z) = -z**3 - 3*z**2 + 10*z - 1. Determine n(-5).
-1
Let t(q) = -4*q**3 + 2*q - 7. What is t(-3)?
95
Let z(t) = 3*t**3 - 5*t**2 + t + 2. Give z(3).
41
Let w(t) = -t**3 - 4*t**2 + t + 2. Give w(-2).
-8
Let s(z) = z**2 + 19*z - 20. Determine s(-23).
72
Let s(h) = h + 3. What is s(0)?
3
Let u(b) = b**2 - 16*b + 14. What is u(14)?
-14
Let k(c) = -c**3 - 9*c**2 - 10*c - 8. Determine k(-8).
8
Let o(h) = h**3 - 32*h**2 - 34*h + 41. Determine o(33).
8
Let x(b) = -2*b**2 + 23*b + 5. Give x(13).
-34
Let f(b) = b**3 - b**2 + b + 5. Give f(3).
26
Let u(x) = 2*x**2 - 13*x - 13. Give u(8).
11
Let l(o) = 23*o + 115. Determine l(-5).
0
Let u(i) = i**2 - 3*i + 2. Calculate u(3).
2
Let i(s) = 2*s**2 - s - 7. Give i(5).
38
Let l(t) = -36*t. What is l(-1)?
36
Let v(i) = i**3 + 39*i**2 + 108*i + 12. Determine v(-36).
12
Let o(q) = q**3 - 15*q**2 - 14. Give o(15).
-14
Let x(z) = 3*z**3 - z**2 - z + 1. Determine x(-3).
-86
Let t(b) = b**2 + 2*b + 3. What is t(-7)?
38
Let w(d) = d**3 - 9*d**2 + 6*d + 18. What is w(6)?
-54
Let u(d) = -d**3 - 2*d**2 + 8*d + 4. Calculate u(-4).
4
Let k(n) = -10*n - 211. What is k(-18)?
-31
Let i(w) = -8*w + 61. What is i(8)?
-3
Let l(a) = a**3 - 17*a**2 - 20*a + 26. Calculate l(18).
-10
Let c(l) = -3*l - 32. Give c(-11).
1
Let m(b) = -6*b + 8. Determine m(5).
-22
Let p(b) = -b**3 + b**2 - b + 53. What is p(0)?
53
Let q(n) = -n**3 - 8*n**2 - 9*n + 1. What is q(-7)?
15
Let y(h) = 11*h + 3. Determine y(-3).
-30
Let i(m) = -m**3 + 11*m**2 - 3*m + 10. Determine i(11).
-23
Let n(d) = -d**3 + 9*d**2 + 4*d + 11. What is n(10)?
-49
Let x(y) = y**3 - 36*y**2 + 33*y + 90. Determine x(35).
20
Let q(n) = n**2 + 8*n + 7. Give q(-5).
-8
Let j(w) = w**3 - 3*w**2 + 5*w - 1. Determine j(3).
14
Let p(l) = -l**2 - 8*l + 147. What is p(-16)?
19
Let l(h) = -h**3 + 10*h**2 - 7*h - 23. Give l(10).
-93
Let b(f) = -6*f + 43. Give b(8).
-5
Let o(d) = -d**3 - 4*d**2 - 16*d - 22. What is o(-2)?
2
Let q(c) = 14*c - 16. Determine q(6).
68
Let w(a) = -a - 18. Determine w(-10).
-8
Let q(o) = -4*o - 88. Give q(-22).
0
Let z(w) = 2*w**3 + w**2 - w - 1. Determine z(2).
17
Let m(j) = 2*j**3 + 5*j**2 - 5*j + 4. Calculate m(-3).
10
Let o(v) = -10*v - 2. Give o(1).
-12
Let g(p) = -p**2 + p - 2. Calculate g(-6).
-44
Let q(t) = -30*t - 236. Calculate q(-8).
4
Let w(k) = 2*k - 1. Give w(5).
9
Let k(t) = -t**2 - 10*t + 41. Calculate k(-13).
2
Let v(o) = -o**3 + 4*o**2 + 2*o - 2. Determine v(4).
6
Let q(h) = 16*h + 17. What is q(-1)?
1
Let g(o) = o**2 - 15*o + 19. Calculate g(13).
-7
Let s(b) = -b**3 - 4*b**2 + 8*b - 7. Give s(-6).
17
Let b(y) = -4*y**3 - 2*y**2 - 3*y + 4. Determine b(2).
-42
Let c(x) = 3*x + 7. Calculate c(-6).
-11
Let l(w) = w**3 - 4*w**2 - 5*w - 2. Give l(5).
-2
Let h(g) = -3*g - 20. Give h(6).
-38
Let y(a) = 9*a + 34. Give y(-5).
-11
Let f(h) = 3*h**2 - 44*h + 22. Calculate f(14).
-6
Let m(c) = 20*c + 5. What is m(2)?
45
Let s(u) = -6*u + 152. Determine s(26).
-4
Let l(u) = -14*u - 1. What is l(3)?
-43
Let j(q) = q**3 - 4*q**2 - 14*q + 52. What is j(4)?
-4
Let p(a) = -2*a**2 + 3*a - 4. Give p(5).
-39
Let w(o) = 11*o + 120. Calculate w(-13).
-23
Let u(z) = 3*z**2 + 28*z - 58. Calculate u(-11).
-3
Let y(u) = 14*u**2 - 2*u + 1. What is y(1)?
13
Let s(x) = x**3 + 2*x**2 + 11. What is s(-3)?
2
Let z(q) = 7*q**3 + 3*q**2 + 2*q. What is z(-2)?
-48
Let l(x) = -x**3 + 4*x**2 + x + 5. Calculate l(4).
9
Let v(u) = -u. Calculate v(-5).
5
Let y(n) = -50*n - 285. Calculate y(-6).
15
Let d(o) = -o**3 - 2*o**2 + 8*o - 2. What is d(-4)?
-2
Let t(k) = 6*k. Give t(1).
6
Let s(a) = -a**3 + 8*a**2 + 34*a. Calculate s(11).
11
Let i(w) = -w**2 - 4*w + 8. Determine i(0).
8
Let u(z) = 2*z + 94. What is u(0)?
94
Let u(k) = -2*k**3 + 5*k**2 + 25*k - 12. What is u(5)?
-12
Let i(j) = -j**3 - 6*j**2 + 10*j + 16. What is i(-7)?
-5
Let k(o) = -2*o**2 + 5*o - 3. Calculate k(3).
-6
Let i(p) = -2*p**2 - 78*p + 147. Determine i(-41).
-17
Let a(b) = b + 3. Give a(-6).
-3
Let s(c) = -5*c**3 - c**2 + 5*c - 2. Determine s(-2).
24
Let y(i) = 5*i**2 - 27*i + 7. What is y(5)?
-3
Let k(p) = -5*p**2 - 1. Calculate k(-1).
-6
Let w(q) = 10*q - 48. Determine w(10).
52
Let x(c) = -c**2 - 2. Calculate x(0).
-2
Let d(b) = -b**2 + 6*b - 2. Determine d(8).
-18
Let x(i) = -i**3 - 10*i**2 - 22*i - 18. Determine x(-8).
30
Let p(j) = j**3 - 7*j**2 + 7*j - 21. What is p(6)?
-15
Let n(t) = t**3 - 6*t**2 - 3*t - 3. Give n(5).
-43
Let s(t) = -23*t + 33. What is s(1)?
10
Let s(f) = f**2 - 2*f - 4. Determine s(0).
-4
Let r(p) = 16*p + 32. Give r(-2).
0
Let z(d) = -d**3 - 7*d**2 - d. Determine z(-7).
7
Let k(w) = w**3 + 12*w**2 - w - 3. Calculate k(-12).
9
Let u(p) = -p**3 - 5*p**2 + 3*p + 13. Determine u(-5).
-2
Let b(o) = 2*o**2 - 2*o - 1. Determine b(-1).
3
Let b(o) = -3*o + 95. Give b(32).
-1
Let n(l) = 3*l - 1. Give n(-7).
-22
Let g(b) = -11*b**2 + 320*b - 29. Determine g(29).
0
Let v(d) = -d**3 - 7*d**2 - 2*d - 24. Determine v(-7).
-10
Let v(w) = w**2 + 5*w - 4. Calculate v(-6).
2
Let l(i) = 6*i**2 + i - 1. Give l(1).
6
Let i(b) = -b**2 - 2*b - 8. What is i(-7)?
-43
Let x(k) = 3*k + 29. Determine x(-5).
14
Let y(g) = 2*g**3 - 6*g**2 - 7*g + 1. Calculate y(-3).
-86
Let b(u) = -2*u**2 - 5*u + 8. What is b(-5)?
-17
Let k(h) = -2*h**2 - 34*h + 59. Give k(-19).
-17
Let h(z) = z**3 + 21*z**2 + 35*z - 59. Calculate h(-19).
-2
Let j(l) = -l**3 - 16*l**2 - 18*l - 57. Give j(-15).
-12
Let p(g) = -4*g**2 + 3*g + 12. What is p(5)?
-73
Let p(r) = r**2 + 9*r + 12. What is p(-9)?
12
Let k(o) = -3*o + 13. What is k(-13)?
52
Let l(t) = 11*t - 20. What is l(1)?
-9
Let a(u) = u**3 - 10*u**2 + 2*u - 3. What is a(10)?
17
Let m(p) = -p + 26. Calculate m(11).
15
Let g(r) = 2*r**3 + 7*r**2 + 3*r - 4. Determine g(-4).
-32
Let y(q) = -q**2 + 11*q + 24. What is y(12)?
12
Let p(u) = -2*u - 15. Determine p(-12).
9
Let t(u) = 2*u + 11. What is t(-4)?
3
Let r(w) = -2*w**3 + 30*w**2 + 28*w + 57. What is r(16)?
-7
Let x(g) = g**3 + 22*g**2 + g + 14. What is x(-22)?
-8
Let i(t) = -t**3 - 17*t**2 - 16*t - 12. Give i(-16).
-12
Let u(y) = -y**2 - 9*y + 55. Determine u(-13).
3
Let a(x) = 5*x + 11. Determine a(-3).
-4
Let q(d) = -d**3 + 13*d**2 - 4*d + 22. Calculate q(13).
-30
Let f(r) = -10*r + 1. What is f(8)?
-79
Let y(a) = 2*a - 61. Calculate y(23).
-15
Let y(v) = -2*v**3 - 5*v**2 - 4*v - 8. Determine y(-4).
56
Let d(b) = -b**2 - 11*b - 11. What is d(-9)?
7
Let s(y) = 2*y**2 - 2*y + 3. Give s(3).
15
Let l(p) = p**2 + 17*p - 21. Determine l(-19).
17
Let o(a) = 3*a. Give o(-1).
-3
Let p(n) = -n**3 - 7*n**2 + 6*n + 1. Calculate p(-7).
-41
Let 